 3*i + 1218 = 0. Suppose 0 = -40*w + 759 + 681. What is the remainder when i is divided by w?
33
Let l(n) = -1. Let s(w) = -w - 4. Let d(y) = 3*l(y) + s(y). Let u be d(-7). Suppose -3*f + 84 - 9 = u. What is the remainder when 73 is divided by f?
23
Let m = 486 - 444. What is the remainder when 58 is divided by m?
16
Suppose 4213 - 4039 = 29*q. Suppose -w - w = -4. Let k(v) = 7*v**2 - v - 2. Calculate the remainder when k(w) is divided by q.
0
Suppose 0 = -4*c + 3*r + 6843, -5*c - 5213 = -2*r - 13779. Calculate the remainder when c is divided by 75.
66
Let d(g) = -4*g**2 - 42*g + 24. Calculate the remainder when d(-9) is divided by 73.
5
Suppose -132*t - 32746 = -58119 - 91579. Calculate the remainder when 3552 is divided by t.
8
Let n(k) = 4*k - 16. Let r be n(4). Let j be -1 - (r + 11 - -4). What is the remainder when 10 is divided by (j/(-20))/((-8)/(-60))?
4
Suppose 3*k = 41 + 40. Calculate the remainder when (172/8)/((-22)/(-44)) is divided by k.
16
Let i = -2589 - -2600. Calculate the remainder when 59 is divided by i.
4
Let q = 386 + -367. Suppose -4*i - 4*a + 344 = 0, 2*a = 5*i - 3*a - 430. Calculate the remainder when i is divided by q.
10
Let r(p) = -13*p**2 + 21*p**2 + 37 + 7*p - 20 + p**3. Calculate the remainder when 166 is divided by r(-7).
13
Let z(i) = -643*i + 127. What is the remainder when 463 is divided by z(0)?
82
Suppose 9*a - 4*w = 12*a - 14, -2*a - 4*w = -4. Suppose -i - 7*b = -a*b - 12, -6 = 3*b. What is the remainder when i is divided by 2?
0
Let o = 113 + -80. Suppose j - 31 - o = 0. Suppose 0 = 4*p - 6*p - l + j, 0 = p + 4*l - 32. What is the remainder when 93 is divided by p?
29
Suppose 2*w - 3 + 19 = -p, 0 = 2*w - 5*p + 16. What is the remainder when (w/(-12))/((-7)/1659*-2) is divided by 20?
19
Let z be (-20)/(1040/(-1521))*(-8)/(-3). What is the remainder when 166 is divided by (z/(-351))/((-1)/153)?
30
Let g be 5/2 + (-5)/10. Suppose -g*m = -m. Suppose -5*p + 3*y + 405 = 0, m = p + p - 3*y - 153. What is the remainder when p is divided by 17?
16
Suppose -400 = 13*f - 166. Calculate the remainder when 272 is divided by 4/f + 35287/639.
52
Let c = -3197 + 3215. Calculate the remainder when 1365 is divided by c.
15
Let w = 34077 + -32602. Calculate the remainder when w is divided by 314.
219
Let p(q) = -q**2 + 24*q + 59. Let h be p(19). Suppose -2*c - h = -288. What is the remainder when c is divided by 12?
7
Suppose 4*j = -w + 3541, j - 898 = -0*w + 4*w. What is the remainder when j is divided by -1 + 6 + 3 - (-6 - -2)?
10
Let g = -26426 + 26682. Calculate the remainder when 733 is divided by g.
221
Let i(d) = -29*d + 304. Let w = 113 - 47. What is the remainder when w is divided by i(10)?
10
Suppose 290*i - 33 = 287*i. Calculate the remainder when 191 is divided by 6*i*(2 + -1).
59
Let r(c) = c**2 - 8*c - 14. Let y = -178 - -421. Let w = y + -143. What is the remainder when w is divided by r(12)?
32
Let j(p) = 69*p**2 - 1. Let m = 122 + -114. Suppose 3*z - 67 = -f, 5*z = -m*f + 5*f + 105. What is the remainder when j(1) is divided by z?
20
Let z = -8823 - -8984. Suppose 2*f - 3*a - 51 = 0, 5*f = -4*a + 3*a + 170. What is the remainder when z is divided by f?
29
Let p = -13 - -54. Calculate the remainder when ((-400)/15)/((-22)/66) is divided by p.
39
Suppose 4*o = -41*o + 1080. Let y(i) = 3*i - 2*i**2 - 2*i - 9*i**3 - 4*i. Calculate the remainder when y(-2) is divided by o.
22
Suppose -79 = -5*u + 31. Suppose 822 - 326 = -4*o + 3*y, o + 123 = y. Let g = 168 + o. What is the remainder when g is divided by u?
19
Let p be (-7 + 2)*((-1)/9)/((-10)/270). Let q = 21 + -3. What is the remainder when 23 is divided by (-54)/p*60/q?
11
What is the remainder when 70/((-90)/(-72)*1) is divided by 12?
8
Suppose -2*q - 1360 = -3*o, -14*q = -9*q - 20. Calculate the remainder when o is divided by 52.
40
Suppose -2*h + 7*h - 120 = 2*w, -4*w = -20. Suppose 4*p - 223 = h*j - 29*j, 3*j = 4*p - 193. What is the remainder when p is divided by 18?
16
Let j(r) be the second derivative of -14*r - 21/2*r**2 + 0 + 4/3*r**3. What is the remainder when 51 is divided by j(6)?
24
Suppose 3*z + 12 = 0, -5*x + x + 120 = -2*z. Suppose -t - 14 = -2*u, 4*u - 5*t - x = -t. Let s(y) = -2*y + 1. What is the remainder when u is divided by s(-2)?
2
Suppose -40*z = -4*w - 42*z + 738, 5*z - 2*z - 21 = 0. Suppose 3*l - 127 = 2. What is the remainder when w is divided by l?
9
Let p = 154 + -147. Suppose 113 = i + 3*r, 3*i = 5*i + 3*r - 235. What is the remainder when i is divided by p?
3
Calculate the remainder when (926 - 929)/((-1)/(10/3)) is divided by 10.
0
Suppose 2*v + 5*i + 107 - 342 = 0, 3*v = 4*i + 364. What is the remainder when 533 is divided by v?
53
Let o = -4 + 10. Suppose -o*i + 165 = -i. Suppose -2*p = -2*a - 188, -4*p + a + 518 = 133. Calculate the remainder when p is divided by i.
31
Let j = -3222 - -4396. What is the remainder when j is divided by 62?
58
Let a(f) = -f**2 + 249*f - 5815. Calculate the remainder when 1879 is divided by a(28).
14
Let v = 1778 - 1890. Let l(r) = 3*r**3 - 2*r**2 + 3*r + 4. Let u be l(-3). Let j = u - v. What is the remainder when 39 is divided by j?
7
Suppose 3*r + 5*g - 25 = 0, -4*g + 13 = -0*r + r. Suppose -22 = -r*o + 18. Let t = -267001 + 267238. What is the remainder when t is divided by o?
5
Let w(n) be the first derivative of -14/3*n**3 + 0*n**2 + 1/4*n**4 - 5 + 22*n. What is the remainder when w(14) is divided by 8?
6
Suppose 0 = 538*l - 369757 - 253247. Calculate the remainder when l is divided by 372.
42
Suppose 3*n = n. Let c = 352 - 361. Calculate the remainder when c + 8 + 86/2 + n is divided by 22.
20
Suppose 0 = -11*z - 91 - 74. Let n = 15 + z. Suppose -5*s + 344 + 256 = n. Calculate the remainder when s is divided by 41.
38
Suppose p + 2*z = -17 + 103, 5*z + 291 = 3*p. Let m = 100 - p. Suppose -5*b = 5*v - 45, 5*b - 21 = -5*v + m*b. What is the remainder when 19 is divided by v?
1
Suppose -4*m = 2*o - m - 265, 0 = -4*o + 5*m + 563. Let i = 18 - 6. Suppose i + 2 = a. What is the remainder when o is divided by a?
11
Suppose 193*m + 40 = 201*m. Suppose m*d - 308 - 293 = -4*i, -4*i + 5*d + 631 = 0. What is the remainder when i is divided by 31?
30
Let r(m) = m**3 - 26*m**2 - 59*m + 129. Let t be r(27). Let s = -713 - t. Let d = 158 - 78. Calculate the remainder when d is divided by s.
14
Suppose -z + 9*l = -30 - 12, 2*l + 38 = 5*z. Calculate the remainder when 1033 is divided by z.
1
What is the remainder when (5645/2)/((-875)/100 - -10) is divided by 32?
18
Let h(f) = f**2 + 4*f + 3. Let b be h(-5). Suppose -4*i = -2*t - 9*i + 45, -i + 1 = 0. Suppose b*l - t = 3*l. What is the remainder when 6 is divided by l?
2
Suppose -2*a + 12 = -a. What is the remainder when 9980/84 - (-112)/588 is divided by a?
11
Let y(c) = -592*c + 1420. Calculate the remainder when y(2) is divided by 125.
111
Let y = -5 + -55. Calculate the remainder when -3 - y/21 - 162/(-7) is divided by 7/(7/9)*(1 - 0).
5
Calculate the remainder when 5139 is divided by 75400/780 + 1/(-12)*-2*2.
95
Let i = -266 - -270. Suppose -v = i*g + 11 - 105, 312 = 3*v + 2*g. Calculate the remainder when v is divided by 57.
49
Suppose 370*f - 298*f - 1512 = 0. Let w = 485 + -201. Let q = w - 203. Calculate the remainder when q is divided by f.
18
Suppose -5*v - 3*m + 350 = 146, 0 = -v - 2*m + 45. Suppose 3*h - 16 + 4 = 0. Suppose 0 = h*f - 57 - v. Calculate the remainder when 69 is divided by f.
21
Suppose 40*d + 30*d - 1456 = 18*d. Suppose 2*a - 4 = -2*a. What is the remainder when d is divided by ((-3)/9)/(a/(-24))?
4
Let c(g) = 14*g - 2153*g**2 + 24 + 12*g + 2152*g**2. Calculate the remainder when c(25) is divided by -1*(17 - 0)/(-1).
15
Let m = -4 + 7. Suppose 0 = m*o - 5 - 19. Calculate the remainder when (15980/1974 - 4/42) + 2 is divided by o.
2
Suppose 714 = 21*r + 168. What is the remainder when 147 is divided by r?
17
Let z = -20955 - -26530. What is the remainder when z is divided by 1855?
10
What is the remainder when 222/12*(2 + 4) is divided by 12*11/66*15?
21
Let h = 5874 + -4221. What is the remainder when h is divided by 12?
9
Suppose 3*b = 16 + 23. Suppose 98*i + 42477 = 61293. What is the remainder when i is divided by b?
10
Let d(z) = 5*z**2 + z - 1. Suppose 3*f - 81 = 3*v, 31*v - 117 = -5*f + 34*v. Calculate the remainder 